13) - -19.
18
What is 2 + 15 - ((563 - 557) + (1 - 13))?
23
Evaluate -3 - (3 + 8 + -12 + (0 - 7) + 5).
0
Evaluate (19 + -50 - -19) + 57 + 1 + (2 - -2).
50
Evaluate (-1 - (-23 + (-21 - -11))) + -7.
25
-33 + (0 - ((-3 - 4 - -14) + 6 + -16))
-30
Evaluate 189 + -206 - (-30 - -38).
-25
What is the value of 2 - -14 - ((-24 - -33 - 8) + 0)?
15
What is the value of (14 - 5) + -13 - -9 - (-25 - -6)?
24
Evaluate 9 - ((11 + -27 - -9) + (-8 + 6 - 3)).
21
What is -8 - (-3 + (2 - -8) + 2 - (7 - 2))?
-12
What is (-23 - (-76 + 62)) + 56?
47
Evaluate (-3 + 22 + -5 - (266 + -188)) + 9.
-55
25 - (-26 - -24) - 65
-38
What is 51 + -46 + 2 - 21?
-14
What is the value of (-5 - 0 - 4) + -14 + 2 + 18 + -72?
-75
What is 188 + -159 - (0 + 2 + -6 - (-10 - -12))?
35
Calculate 81 + -71 + (-1 - -1 - (-9 - -56)).
-37
What is the value of -37 + -9 + (86 - 31) + -13?
-4
Calculate 8 + (0 + -82 - (-5 - (-20 - (-6 - 21)))).
-62
Evaluate (5 - (29 - (0 - -16))) + 6.
-2
What is -13 - (-13 + 3 - (11 - (1 - -19)))?
-12
Evaluate 2 + 65 + (-135 - -38).
-30
What is the value of -13 + (-24 - (24 + -51)) - (2 + 50)?
-62
-3 + (20 - -5) + (-35 + 16 - -37)
40
What is 81 + (-76 - (54 + -44))?
-5
Evaluate -13 + -1 + 123 + -231 + 95.
-27
38 + (7 - (18 - (2 - -10)))
39
Evaluate -700 + 590 + (28 - -3).
-79
Calculate (101 + -2 - 8 - 2) + 4 + 4 + -17.
80
What is (-38 - (-46 + 4)) + 1 + 46?
51
Evaluate (813 - 757) + (-62 - -1).
-5
Calculate 138 + (-19 + 136 - 160).
95
-7 + 1 + (324 - 288)
30
Calculate -142 + 81 - (-13 + -7 + 0).
-41
(49 + -71 - 41) + 22
-41
What is the value of (24 + -21 - -7 - -2) + -30?
-18
What is -60 + (61 + 15 - -16)?
32
What is (27 - 18) + -27 + 22 - (-89 + 2) - 2?
89
What is the value of 541 - 536 - (-1 - -6) - (-2 + -8)?
10
Calculate 10 + (3 - (47 - -7)) - (-2 + (3 - 3)).
-39
Calculate 6 + -15 + ((-1 - 0) + 8 - (-595 - -564)).
29
What is the value of -9 + 57 - ((13 - 4) + -6 - -9)?
36
Calculate -6 + -11 + 0 - (-18 + 4).
-3
Calculate -26 + (33 - -6) - (-95 + 0) - -18.
126
Calculate 4 + -20 + -33 - ((2 - 6) + -3).
-42
Calculate (18 + (-29 - 7) - -98) + -13.
67
(1 - (-1 + -22)) + 20 + (-45 - -92 - 58)
33
What is 1269 + -1261 - ((3 - 1) + -1 - (0 + -6))?
1
(-1 - (-4 - -1)) + (6 - -42) + (85 - 142)
-7
What is the value of -21 + -3 - -6 - (-144 - -107)?
19
Evaluate 0 + 3 + -2 + 1 + 1 + -215 + 227.
15
-2 + (12 - 15) + (4 - -1) + (5 - -1)
6
What is 8 + -130 - (-567 - -525)?
-80
52 + 48 + -5 - 68
27
-638 - -800 - (48 + 6)
108
Evaluate -85 - ((2 - (-4 - (6 + 1))) + -20) - -9.
-69
Evaluate 35 + 16 + -22 + -62.
-33
Calculate -10 - ((-72 - -1) + (-10 + 41 - 15)).
45
Calculate (38 - 1) + -14 + 27 + -13 + 0 - -7.
44
What is the value of (422 - 434) + (0 - (3 + -3) - 54)?
-66
149 - 222 - (-2 - 46)
-25
2 - 14 - -5 - (-11 - (4 + -16) - -2)
-10
Calculate 111 + 71 + -171 - ((4 - 1) + -1).
9
(1 + 27 - (92 - 61)) + -11 + 0
-14
Evaluate -79 + -28 + 1 - -153.
47
What is the value of 10 + 8 + (-8 - (2 + 32 + -4)) + 8?
-12
What is -21 + (-16 - -7) - (5 - 1) - -2?
-32
What is 3 - ((-17 - (-1 + 1 - -4)) + (-130 - -120))?
34
Evaluate 16 - -2 - (-84 + (37 - 18) - 14).
97
What is 1 - (0 - -33) - (-5393 - -5407)?
-46
(31 - (-13 - -63)) + 5 + -18
-32
Evaluate -2 + -52 - (-25 - (-10 + -6)) - 2.
-47
Calculate (651 - 667) + (1 - (-10 - 3)).
-2
What is the value of 1 + -50 - (-2 + (-46 - -15) + 2 + 44)?
-62
-18 - 8 - (5 + 12 + -15 - -7)
-35
What is (35 + -3 - -63 - (20 + -1)) + (-9 - -2)?
69
67 + 2 + -1 + (-71 - 2) + 59
54
Calculate -129 + 13 - (-230 - -161).
-47
Calculate 19 - (19 - (62 - 28 - 11)).
23
Evaluate 1 - -9 - (-39 + -55 + 79).
25
Calculate 217 + -226 + (129 - 7).
113
What is the value of -121 - ((-202 - -110) + 7)?
-36
-5 - (2 - -2) - (-5 + (-17 - (16 - 14)))
15
Calculate (-61 - -135) + -147 + 64.
-9
Calculate -1337 + 1340 - (-2 + 33).
-28
What is 28 + (87 - -7) + -38?
84
Evaluate -4180 + 4218 - (54 + 2).
-18
64 - (28 - -5 - 14)
45
What is (40 + -40 - 25) + 1?
-24
Evaluate (9 + -21 - 13 - -11) + -8.
-22
What is the value of -43 + (15 - (-4 + 17 + -27 - -13))?
-27
What is the value of 16 + -1 - (114 + (-20 - -10) + 33)?
-122
-182 - -206 - (7 - -2)
15
Calculate (24 - 17) + -34 + 27 + -23.
-23
63 + 0 + -1 - (-16999 + 17018)
43
What is -25 + 1 - (7150 - 7200)?
26
What is (137 - 62 - -31) + -2 + -9 + -15?
80
Calculate -52 - 1 - (-4 + 10 + 91 + -119).
-31
What is (-183 + 165 - -46) + 17 + 1?
46
Calculate -1117 + 1132 + -2 + -26 - (2 + 8).
-23
What is the value of -3 + (-1 - -11 - (-5 + 3 + -47))?
56
Evaluate -56 + 2 - (-280 + 250).
-24
1 - 8 - ((13 - 13 - 16) + -10 + -7)
26
Evaluate -35 + (-36 - -55) - -41.
25
Calculate 0 + 38 + -21 + 37 - 9.
45
What is -29 - (-126 + 72) - (23 - (4 + -2))?
4
29 - 29 - 19 - -58 - 41
-2
Evaluate (6 - (-17 - -51) - -37) + -133 + (3 - 1).
-122
Evaluate (13 - (16 - 13)) + -17 + 0 + 0 + 18.
11
Evaluate -20 + 51 + -21 + -18 + 0 + -19.
-27
Evaluate 116 - (6 - ((38 - 77) + 26)).
97
Evaluate 51 + 0 + (-134 - -67) + 58.
42
What is -38 + 74 - (41 + -1)?
-4
What is the value of 49 - (-3 + ((2 - -3) + -17 + -2 - -11))?
55
-7 - (-16 + 17 + -17 + 7 + (-37 - -2))
37
Calculate (-76 + 96 - (-2 + 41)) + (2 - -11).
-6
What is the value of -56 - -15 - -9 - (-29 + -45)?
42
Calculate -44 + 11 + (-244 - -247).
-30
-2 - -63 - (-444 + 508)
-3
Evaluate -20 + 24 - (124 - 105).
-15
What is 2 + -2 + 20 - (6 + 12 - 12)?
14
Evaluate 110 - 1 - (-19 + 22) - (260 + -264).
110
What is -4 + -7 - (59 - (-25 + 8 - -27))?
-60
Calculate -83 - (-4 - (17 - 50)) - -33.
-79
Evaluate -10 + 8 + (-38 - -28 - (-18 + -1)).
7
Evaluate (-5 + -6 - -12) + 7 + -25 + (-1 - -8).
-10
Evaluate 3 + (1 - -4) + (-10 - -5) + (259 - 163).
99
Calculate -13 - -14 - (-4 + -1 - (-8 - (-4 + -29))).
31
What is the value of 44 + (-13 - 24 - -10)?
17
What is the value of 2 - 12 - (0 - (-23 + -33 - (-4 + 5)))?
-67
Evaluate (-36 - (-27 + -3)) + (-16 - -2).
-20
Evaluate -136 - ((-219 - -39) + 97).
-53
Calculate 26 + 15 - 15 - 3 - 58.
-35
What is the value of 136 + (-19 - 62 - -39)?
94
Calculate 1 + 3 + (-9 - -2) + -487 + 549.
59
Calculate 2 + 37 + (13 + (-9 - 7) - -18).
54
What is 86 + -30 - -1 - 113?
-56
What is -144 - (-261 - -108) - (6 - 2)?
5
What is (19 - 1) + (17 - (46 - -29))?
-40
What is the value of -5 + 0 + 17 + 25 + -54 + -13 + 120?
90
What is the value of -1 + (12 - 13) + 11 + -7 + -38?
-36
-4 + 2 + 14 + (270 - 255)
27
Evaluate 55 + -416 + 433 + -33 + -1.
38
56 + -44 - (-5 + -44)
61
What is 2 - 28 - (1465 + -1441) - 49?
-99
What is the value of (-233 - -126) + 173 - (1 - 18 - 0)?
83
(-1 - 54) + 1894 + -1832
7
Calculate -77 + 226 + 35 + -130.
54
Evaluate 15 + -19 + (-35 - -20 - -42) + (-2 - 13).
8
What is (-49 - (30 + -20 + 31)) + -43?
-133
Evaluate (39 - 18) + -15 + 85 - 11 - -9.
89
What is the value of -21 - ((-14 - 23 - -5) + 9) - -24?
26
What is the value of -66 + -23 + -92 + 173?
-8
-78 + 44 + -11 + 45 + -109 + 4
-105
What is the value of (35 - (36 - -9)) + 40 - -73?
103
What is the value of 94 + (-8 + 17 - 3) + -33?
67
What is 3 + (-1 - 2) + -2 - 53 - (-73 - -67)?
-49
-67 + 3 - (84 - (222 + -125))
-51
Calculate -18 - (-264 + 281 + (-46 - 1)).
12
What is the value of 10 + -26 - -56 - (1 + 5 + -2)?
36
What is the value of -20 + -6 - -12 - -23 - 41?
-32
What is the value of -68 - (-14 + (2 - -3) + -14)?
-45
Evaluate -37 + -9 + 25 + -9 + -1 + 10.
-21
What is 51 - (8 + (19 + 2 - 10))?
32
What is the value of (-9 - -2) + -17 + 11 + -4 + 6 - -4?
-7
2 + (2 - 2) - (-1580 - -1577)
5
What is 27 + (-11 - -31 - 77)?
-30
What is the value of 38 - (-30 - 20) - 27 - 6?
55
What is the value of (-22 - -120) + -211 - -91?
-22
8168 - 8153 - (25 - (-1 + 3))
-8
Calculate (-14 - -2) + (-17 - (2 - -19)).
-50
(-6 - -10 - 19) + (-17 - (-34 - -18))
-16
Evaluate -72 - (-101 - (44 - 68)).
5
What is the value of 128 - (-89 - 50 - -190)?
77
What is the value of -71 - (99 + -113 + -143)?
86
Evaluate (20 - (25 + -35)) + -41 - (-5 - 35).
29
Evaluate (-3 - (2 - 17 - 0)) + (326 - 418) - -12.
-68
What is the value of 10 + -3 + (15 - (10 - (-10 - -5))) + 2?
9
47 - (11 - 32 - -16 - -21)
31
What is the value of 24 - (-27 + 10 - (-61 - -37))?
17
Calculate (-9 - -4) + (2 - -15 - 5) + 47 + -47.
7
-32 - (-121 + 8) - 22
59
Evaluate 557 + -701 - (-72 - -20).
-92
-18 + 14 + 4 + 47 + (-1 - 4)
42
(7 - (131 + -3)) + (-24 - -1 - -14)
-130
What is the value of -92 - (-9 + (-22